nits digit of 7763?
3
What is the units digit of 2736?
6
What is the tens digit of 4049?
4
What is the hundreds digit of 2170?
1
What is the tens digit of 407?
0
What is the hundreds digit of 2132?
1
What is the hundreds digit of 567?
5
What is the hundreds digit of 1155?
1
What is the hundreds digit of 1340?
3
What is the tens digit of 1325?
2
What is the units digit of 1051?
1
What is the thousands digit of 10344?
0
What is the units digit of 69569?
9
What is the ten thousands digit of 66602?
6
What is the thousands digit of 2734?
2
What is the units digit of 409?
9
What is the hundreds digit of 2432?
4
What is the thousands digit of 9824?
9
What is the ten thousands digit of 113469?
1
What is the thousands digit of 1597?
1
What is the units digit of 55722?
2
What is the tens digit of 1945?
4
What is the units digit of 40574?
4
What is the thousands digit of 4131?
4
What is the tens digit of 596?
9
What is the units digit of 27533?
3
What is the tens digit of 1564?
6
What is the units digit of 3820?
0
What is the hundreds digit of 934?
9
What is the hundreds digit of 636?
6
What is the hundreds digit of 71366?
3
What is the tens digit of 2339?
3
What is the units digit of 9173?
3
What is the thousands digit of 3251?
3
What is the hundreds digit of 765?
7
What is the thousands digit of 1290?
1
What is the hundreds digit of 596?
5
What is the tens digit of 1584?
8
What is the tens digit of 24504?
0
What is the thousands digit of 5749?
5
What is the units digit of 80116?
6
What is the hundreds digit of 9573?
5
What is the hundreds digit of 124?
1
What is the tens digit of 4753?
5
What is the thousands digit of 4396?
4
What is the hundreds digit of 819?
8
What is the ten thousands digit of 37012?
3
What is the units digit of 64346?
6
What is the thousands digit of 13562?
3
What is the hundreds digit of 49831?
8
What is the units digit of 1286?
6
What is the units digit of 7534?
4
What is the hundreds digit of 18286?
2
What is the tens digit of 3368?
6
What is the tens digit of 5202?
0
What is the units digit of 72445?
5
What is the tens digit of 67798?
9
What is the hundreds digit of 431?
4
What is the units digit of 39620?
0
What is the hundreds digit of 2312?
3
What is the units digit of 700?
0
What is the thousands digit of 14804?
4
What is the ten thousands digit of 16380?
1
What is the units digit of 1493?
3
What is the tens digit of 84395?
9
What is the thousands digit of 2838?
2
What is the units digit of 30076?
6
What is the units digit of 37460?
0
What is the tens digit of 8668?
6
What is the ten thousands digit of 15938?
1
What is the tens digit of 14025?
2
What is the tens digit of 111546?
4
What is the tens digit of 489?
8
What is the units digit of 3754?
4
What is the tens digit of 4100?
0
What is the units digit of 1107?
7
What is the hundreds digit of 166?
1
What is the hundreds digit of 662?
6
What is the hundreds digit of 5698?
6
What is the ten thousands digit of 57813?
5
What is the tens digit of 231?
3
What is the tens digit of 85503?
0
What is the thousands digit of 2809?
2
What is the thousands digit of 5679?
5
What is the hundreds digit of 39734?
7
What is the thousands digit of 2147?
2
What is the hundreds digit of 281?
2
What is the hundreds digit of 44774?
7
What is the hundreds digit of 1438?
4
What is the tens digit of 3061?
6
What is the units digit of 30927?
7
What is the ten thousands digit of 47523?
4
What is the units digit of 10916?
6
What is the units digit of 2188?
8
What is the tens digit of 8292?
9
What is the thousands digit of 36743?
6
What is the thousands digit of 4333?
4
What is the units digit of 27825?
5
What is the hundreds digit of 904?
9
What is the thousands digit of 135486?
5
What is the tens digit of 55906?
0
What is the tens digit of 5662?
6
What is the ten thousands digit of 111596?
1
What is the hundreds digit of 913?
9
What is the hundreds digit of 28803?
8
What is the thousands digit of 9568?
9
What is the tens digit of 698?
9
What is the hundreds digit of 506?
5
What is the hundreds digit of 1988?
9
What is the tens digit of 3876?
7
What is the units digit of 60266?
6
What is the units digit of 19373?
3
What is the hundreds digit of 324?
3
What is the tens digit of 3381?
8
What is the tens digit of 25571?
7
What is the thousands digit of 59510?
9
What is the tens digit of 2139?
3
What is the thousands digit of 41517?
1
What is the hundreds digit of 38929?
9
What is the tens digit of 1989?
8
What is the hundreds digit of 863?
8
What is the units digit of 12334?
4
What is the units digit of 97?
7
What is the hundreds digit of 23809?
8
What is the hundreds digit of 47260?
2
What is the thousands digit of 17773?
7
What is the hundreds digit of 572?
5
What is the units digit of 678?
8
What is the thousands digit of 2377?
2
What is the ten thousands digit of 30015?
3
What is the tens digit of 1462?
6
What is the units digit of 7603?
3
What is the thousands digit of 14738?
4
What is the units digit of 25222?
2
What is the hundreds digit of 422?
4
What is the units digit of 11972?
2
What is the ten thousands digit of 41190?
4
What is the units digit of 88582?
2
What is the hundreds digit of 1760?
7
What is the tens digit of 922?
2
What is the thousands digit of 65072?
5
What is the units digit of 769?
9
What is the ten thousands digit of 15342?
1
What is the thousands digit of 4945?
4
What is the hundreds digit of 3511?
5
What is the tens digit of 1827?
2
What is the hundreds digit of 7698?
6
What is the hundreds digit of 173815?
8
What is the units digit of 4014?
4
What is the hundreds digit of 4932?
9
What is the tens digit of 356?
5
What is the thousands digit of 1593?
1
What is the ten thousands digit of 14888?
1
What is the hundreds digit of 3533?
5
What is the thousands digit of 2621?
2
What is the hundreds digit of 1605?
6
What is the tens digit of 1136?
3
What is the units digit of 123692?
2
What is the ten thousands digit of 15990?
1
What is the thousands digit of 16463?
6
What is the tens digit of 2183?
8
What is the thousands digit of 6587?
6
What is the units digit of 777?
7
What is the hundreds digit of 2098?
0
What is the units digit of 443?
3
What is the hundreds digit of 600?
6
What is the thousands digit of 1372?
1
What is the tens digit of 64486?
8
What is the units digit of 1226?
6
What is the tens digit of 1397?
9
What is the tens digit of 4256?
5
What is the ten thousands digit of 14757?
1
What is the tens digit of 1842?
4
What is the hundreds digit of 7519?
5
What is the ten thousands digit of 26945?
2
What is the thousands digit of 14462?
4
What is the units digit of 349?
9
What is the units digit of 157?
7
What is the units digit of 20152?
2
What is the hundreds digit of 1296?
2
What is the hundreds digit of 1774?
7
What is the hundreds digit of 5556?
5
What is the units digit of 4?
4
What is the ten thousands digit of 187905?
8
What is the hundreds digit of 39074?
0
What is the thousands digit of 5511?
5
What is the units digit of 68225?
5
What is the hundreds digit of 752?
7
What is the hundreds digit of 132506?
5
What is the tens digit of 19?
1
What is the units digit of 41649?
9
What is the ten thousands digit of 23442?
2
What is the hundreds digit of 390?
3
What is the tens digit of 6591?
9
What is the ten thousands digit of 62135?
6
What is the tens digit of 1291?
9
What is the thousands digit of 8702?
8
What is the tens digit of 2463?
6
What is the thousands digit of 83974?
3
What is the ten thousands digit of 54986?
5
What is the thousands digit of 124998?
4
What is the tens digit of 10122?
2
What is the units digit of 681?
1
What is the units digit of 11676?
6
What is the thousands digit of 16678?
6
What is the hundreds digit of 167?
1
What is the units digit of 7660?
0
What is the units digit of 1850?
0
What is the units digit of 2431?
1
What is the hundreds digit of 503?
5
What is the tens digit of 10785?
8
What is the hundreds digit of 557?
5
What is the hundreds digit of 2854?
8
What is the hundreds digit of 65675?
6
What is the tens digit of 580?
8
What is the tens digit of 61728?
2
What is the units digit of 1384?
4
What is the tens digit of 418?
1
What is the hundred thousands digit of 125870?
1
What is the units digit of 2598?
8
What is the tens digit 